 - -770. Calculate the greatest common divisor of v and 15.
15
Suppose -130*q + 95 = -129*q + 3*w, 4*w = -q + 100. Let n(y) = 2*y**2 - 4*y. Let i be n(4). Calculate the greatest common divisor of q and i.
16
Let r = 0 + 4. Suppose 3*o + 2 = 5*g - 19, -5*g + 18 = -r*o. Suppose 0 = -16*b + 88 + 8. Calculate the highest common factor of g and b.
6
Let j(b) = b**2 + b + 4. Let k be j(-4). Suppose -t = -6*t. Suppose -n - 4*v - 8 = n, t = -n - v - 1. What is the highest common factor of n and k?
2
Let m be (2 + 1 + -2)*(49 + -48). Calculate the highest common factor of m and 17.
1
Suppose 28 = -2*a + 6*a. Let l(f) = 3*f - 8. Let s be l(a). What is the greatest common divisor of s and 104?
13
Suppose 0*z - 5*z - 40 = 0. Let x be (15 + z/2)*4. Calculate the greatest common divisor of 4 and x.
4
Let w be 4/(-14) + 230/70. Let u be 36/w*(-2)/(-6). Suppose -r + 60 = 4*m - 5*r, 0 = u*m - r - 72. Calculate the highest common divisor of 76 and m.
19
Let c = -119 + 290. What is the greatest common factor of 9 and c?
9
Let r(b) = b**3 + 3*b**2 - 9*b + 3. Let q be r(-4). Let v be 2/((-42)/46 + 1). What is the greatest common divisor of v and q?
23
Let g(r) = 141*r. Let l be g(3). Suppose o + 211 = -2*u, 0 = 2*o - 0*o + 5*u + l. Let h = o + 550. What is the greatest common divisor of 31 and h?
31
Suppose l - 99 = -0*l. Let b(j) = -7*j. Let m be b(-1). Suppose -m*y + 4*y + 33 = 0. Calculate the greatest common factor of y and l.
11
Let n be -4 + -13 + 5 + 88. What is the highest common divisor of 646 and n?
38
Let i(w) = w**3 - 13*w**2 - 29*w - 10. Let a be i(15). Suppose h = 3*h - 50. What is the greatest common factor of h and a?
5
Let s = 427 - 420. What is the highest common factor of 49 and s?
7
Let i(p) = p - 2. Let b be i(5). Let z(v) = 0 - v**b + 0 - 3*v**2 + 1 + 5 + 5*v. Let a be z(-6). What is the greatest common factor of 14 and a?
14
Suppose 0 = i - 2, -5*i - 5 = -3*u + 24. Let k be (-63)/(-5) + 10/25. What is the greatest common factor of k and u?
13
Let g = -111 + 5. Let a = -70 - g. What is the highest common factor of 360 and a?
36
Let w(b) = 15*b**3 - b**2. Let x be w(1). Suppose -4*h - 13 - 139 = 0. Let n = -3 - h. What is the highest common divisor of x and n?
7
Let j be (-3366)/(-27) + 2/6. Suppose -2*m + j = 3*m. Calculate the greatest common divisor of m and 225.
25
Suppose -4*g = c - 103, -24*g = 2*c - 25*g - 197. What is the highest common divisor of 55 and c?
11
Let m(v) = -v**2 + 13*v + 8. Let w be m(12). Suppose w = 2*k + 3*k, -k = 4*r - 12. What is the greatest common divisor of 16 and r?
2
Suppose -35*x = 11*x - 36018. Calculate the highest common divisor of 58 and x.
29
Suppose 292 = 2*f + 52. Let l be -1*(6/(-9))/(1/f). Calculate the greatest common divisor of l and 40.
40
Suppose -4*a = 4*t - 48, 4*a - 4*t - 10 = 6. Let s be (-14)/70 - 361/(-5). Calculate the highest common factor of a and s.
8
Suppose 0 = 3*u - 5*n - 58, 3 + 13 = 4*n. What is the greatest common divisor of u and 39?
13
Let w be ((-3)/(-2))/(27/72). Suppose w*j - 5*u = 97, 0 = -4*j + 3*j - 3*u + 3. Suppose -c - 4*c = -810. What is the highest common factor of c and j?
18
Suppose -2*b + 4 = -6, -5*b + 85 = -5*x. Let i be (x/24)/(1/2). Let s be ((-91)/14)/(i/2). Calculate the greatest common divisor of 26 and s.
13
Let m(w) = 20*w + 112. Let y be m(12). Calculate the greatest common divisor of 132 and y.
44
Suppose 0*d + d - 4*i - 32 = 0, 3*i = 2*d - 54. Let s be 1 + -6 - -53*(3 + -2). Calculate the greatest common divisor of d and s.
24
Let o be (-4)/40 + (-112347)/(-270). What is the highest common divisor of o and 156?
52
Let n be (144/(-27))/((-3)/153). Calculate the greatest common divisor of n and 16.
16
Let f = 604 - 434. Calculate the greatest common divisor of 255 and f.
85
Let a(v) = -2*v**2 + 98*v**3 + 4*v**2 + 3*v - 4*v. Let i be a(1). Suppose -272 = -39*r + 157. Calculate the greatest common divisor of i and r.
11
Suppose 28 = -3*u + 46. What is the highest common factor of u and 192?
6
Let z be ((-7)/2)/((-1)/14). Suppose c - 264 = 5*c. Let t = c + 73. Calculate the greatest common factor of t and z.
7
Suppose -1007 = -5*h - 127. Let c = -454 + 465. Calculate the greatest common divisor of c and h.
11
Let c(x) be the third derivative of x**6/120 + 13*x**5/60 - 5*x**4/8 + x**3/3 - 12*x**2. Let m be c(-14). Calculate the highest common divisor of m and 112.
16
Let q(p) = -2*p. Let i be q(-6). Suppose 7*o = 11*o - 16, 112 = 4*k - 2*o. Calculate the greatest common divisor of k and i.
6
Let q be 20 - 2 - (-4)/(4/(-1)). What is the greatest common factor of 17 and q?
17
Let n(c) = -c**3 + 11*c**2 + 12*c - 7. Let m be n(12). Let i = 15 + m. What is the greatest common divisor of 64 and i?
8
Suppose 5*h - 504 = 3*i + 69, 0 = 2*h + i - 227. What is the greatest common factor of h and 494?
38
Suppose -a = -5*r - 12 - 7, a = -5*r - 11. Let s be 4/(-16) + 13/a. What is the highest common factor of s and 24?
3
Let k = -2511 - -2659. Calculate the greatest common factor of k and 814.
74
Suppose -5*c + 4*g + 5095 = 0, -14*c + 12*c - 3*g = -2061. What is the greatest common divisor of 186 and c?
93
Let u(y) = 2*y**3 + 26*y**2 - 141*y - 37. Let l be u(-17). Calculate the highest common factor of l and 3984.
48
Suppose 3*a + 16 = 7*a, 212 = 3*s + 5*a. What is the greatest common divisor of 4 and s?
4
Let t(h) = -h**3 + 2*h**2 + 3*h - 3. Let l be t(2). Suppose -6*g + 759 = 4*g + 13*g. Calculate the highest common divisor of g and l.
3
Suppose 0 = -2*w + 5279 - 767. Calculate the greatest common divisor of 12 and w.
12
Let j be (((-56)/6)/(-1))/((-32)/(-192)). Suppose -59*p + j*p + 54 = 0. Calculate the highest common divisor of p and 12.
6
Suppose -5*q + 54 = -4*i, -2*i - 16 - 16 = -3*q. What is the greatest common divisor of q and 610?
10
Let s = 5 - 11. Let o(c) = -c**2 - 6*c + 2. Let j be o(s). Let w be (-9 - -5) + (63 - j). Calculate the highest common divisor of w and 38.
19
Suppose 383*l = -5*u + 381*l + 1839, u + 2*l = 363. Suppose 2*w + 2*w = 164. Calculate the highest common divisor of w and u.
41
Let r = -4 - -4. Suppose r = j - 2*j + 60. Let l be j/4*(1 + 2). Calculate the greatest common divisor of 15 and l.
15
Let a = -23 - 0. Let d = 11 + a. Let s = d - -26. What is the greatest common divisor of 42 and s?
14
Let b be 54*((-10)/(-4))/(-5). Let l = b - -46. Let o(h) = h**3 + 11*h**2 + 9*h + 9. Let q be o(-10). Calculate the highest common factor of q and l.
19
Let t(w) = 14*w + 21. Suppose 5*m + 3*m = 48. Let y be t(m). Calculate the highest common divisor of y and 42.
21
Suppose 0 + 95 = 5*m. Suppose 0 = -m*d + 9*d + 300. Calculate the highest common factor of 210 and d.
30
Let v(q) = -41*q - 1129. Let p be v(-35). What is the greatest common divisor of p and 765?
153
Let g(z) = -3 - z**2 + 13 - 6 - 7*z - 11. Let q be g(-4). Suppose 5*p - 20 = p. What is the highest common divisor of q and p?
5
Let n be (-475)/(-57)*(48/15 + -2). Calculate the highest common factor of 385 and n.
5
Let s = 11 - 5. Suppose -s = -w + y, -2*y = -w - 4*y + 9. Calculate the highest common factor of w and 7.
7
Let d be 26/6 + (-2)/6. Let l = 940 + -940. Suppose l = 2*z - 24 - d. What is the highest common divisor of z and 21?
7
Suppose -5*b - 216 = -4*a, 5*a + 4*b = 222 + 48. What is the greatest common divisor of 702 and a?
54
Let y be 10 + -12 - 18/(-2). Let c = -929 + 1006. Calculate the highest common factor of y and c.
7
Let a(n) be the second derivative of n**3/6 + 3*n**2 - n. Let i be a(7). What is the greatest common divisor of i and 104?
13
Let c be 47 + (-1)/(-1 - 0). Suppose -25 - 15 = 4*o. Let x = o + 42. What is the highest common divisor of c and x?
16
Suppose 2*j - 502 = b, -3*b + 5*b - 760 = -3*j. Let o = 92 - 64. What is the greatest common divisor of o and j?
28
Suppose -14*d = -13*d + 5*u - 15, 4*d + 3*u = 60. Let x(a) = 2*a - 24. Let h be x(17). Calculate the highest common divisor of d and h.
5
Suppose -136 = -147*g + 113*g. What is the highest common factor of 32 and g?
4
Let i(c) = -53*c**3 + 2*c**2 + 21*c + 20. Let u be i(-1). What is the greatest common factor of 60 and u?
6
Let d = 447 + -2317. Let g be (12/10)/((-51)/d). What is the greatest common divisor of g and 11?
11
Suppose -36*g = -11*g - 3600. Calculate the greatest common divisor of g and 